{"id":115,"date":"2012-01-24T11:52:49","date_gmt":"2012-01-24T11:52:49","guid":{"rendered":"http:\/\/biton.uspnet.usp.br\/tusp\/?page_id=115"},"modified":"2026-03-18T11:48:23","modified_gmt":"2026-03-18T14:48:23","slug":"home","status":"publish","type":"page","link":"https:\/\/usp.br\/tusp\/","title":{"rendered":"Home"},"content":{"rendered":"<div class=\"secao-extra-wrapper\">\n<div class=\"secao-extra-conteudo secao-extra-conteudo-banner\">\n<div id=\"metaslider-id-8133\" style=\"width: 100%;\" class=\"ml-slider-3-109-0 metaslider metaslider-flex metaslider-8133 ml-slider has-dots-nav ms-theme-simply-dark\" role=\"region\" aria-label=\"Slideshow da Home\" data-height=\"340\" data-width=\"700\">\n<div id=\"metaslider_container_8133\">\n<div id=\"metaslider_8133\">\n<ul class='slides'>\n<li style=\"display: block; width: 100%;\" class=\"slide-10201 ms-image \" aria-roledescription=\"slide\" data-date=\"2026-04-30 09:03:39\" data-filename=\"leiturasXXVIII-slide-700x340.jpg\" data-slide-type=\"image\"><a href=\"https:\/\/usp.br\/tusp\/leituras-publicas-ciclo-xxviii-mulheres-no-tensp\/\" target=\"_self\" aria-label=\"View Slide Details\" class=\"metaslider_image_link\"><img decoding=\"async\" src=\"https:\/\/tusp2024.webhostusp.sti.usp.br\/wp-content\/uploads\/2026\/04\/leiturasXXVIII-slide-700x340.jpg\" height=\"340\" width=\"700\" alt=\"Mulheres no TENSP\" class=\"slider-8133 slide-10201 msDefaultImage\" title=\"Mulheres no TENSP\" \/><\/a><\/li>\n<li style=\"display: none; width: 100%;\" class=\"slide-9905 ms-image \" aria-roledescription=\"slide\" data-date=\"2026-03-31 11:05:13\" data-filename=\"slide-site-.png\" data-slide-type=\"image\"><a href=\"https:\/\/usp.br\/tusp\/publicacao-criticas-de-teatro-em-sao-paulo-2025-disponivel-online\/\" target=\"_self\" aria-label=\"Cr\u00edticas de Teatro em S\u00e3o Paulo 2025\" class=\"metaslider_image_link\"><img decoding=\"async\" src=\"https:\/\/tusp2024.webhostusp.sti.usp.br\/wp-content\/uploads\/2026\/03\/slide-site-.png\" height=\"340\" width=\"700\" alt=\"Cr\u00edticas de Teatro em S\u00e3o Paulo 2025\" class=\"slider-8133 slide-9905 msDefaultImage\" title=\"Cr\u00edticas de Teatro em S\u00e3o Paulo 2025\" \/><\/a><\/li>\n<li style=\"display: none; width: 100%;\" class=\"slide-8134 ms-image \" aria-roledescription=\"slide\" data-date=\"2025-04-09 15:19:08\" data-filename=\"dramaturgias-novo-e1730233454581.jpg\" data-slide-type=\"image\"><a href=\"https:\/\/sites.usp.br\/dramaturgiasemprocesso\/\" target=\"_self\" aria-label=\"Acesse o site das Dramaturgias em Processo\" class=\"metaslider_image_link\"><img decoding=\"async\" src=\"https:\/\/tusp2024.webhostusp.sti.usp.br\/wp-content\/uploads\/2024\/02\/dramaturgias-novo-e1730233454581.jpg\" height=\"340\" width=\"700\" alt=\"\" class=\"slider-8133 slide-8134 msDefaultImage\" title=\"dramaturgias novo\" \/><\/a><\/li>\n<\/ul><\/div>\n<\/p><\/div>\n<\/div>\n<\/div>\n<\/div>\n<div class=\"secao-extra-wrapper\">\n<div class=\"secao-extra-conteudo\" style=\"background-color: rgba(255, 255, 255, 0.8);\">\n<h2 style=\"text-align: center;\">EM CARTAZ<\/h2>\n<div class=\"tusp-portfolio-slider-wrapper\">\n            <button class=\"tusp-slider-arrow prev\" aria-label=\"Anterior\">&#10094;<\/button><\/p>\n<div class=\"tusp-portfolio-grid\">\n<div class=\"tusp-portfolio-item card\" data-ano=\"2026\">\n            <a class=\"portfolio-list-items\" href=\"https:\/\/usp.br\/tusp\/portfolio\/todos-os-filhos-de-deus-tem-asas-de-eugene-oneill-leituras-publicas-ciclo-xxviii-mulheres-no-tensp\/\"><br \/>\n                <img decoding=\"async\" width=\"819\" height=\"1024\" src=\"https:\/\/tusp2024.webhostusp.sti.usp.br\/wp-content\/uploads\/2026\/04\/fundos-sem-texto2-819x1024.jpg\" class=\"attachment-large size-large wp-post-image\" alt=\"Leituras Mulheres do TENSP | Aurea Campos\" srcset=\"https:\/\/tusp2024.webhostusp.sti.usp.br\/wp-content\/uploads\/2026\/04\/fundos-sem-texto2-819x1024.jpg 819w, https:\/\/tusp2024.webhostusp.sti.usp.br\/wp-content\/uploads\/2026\/04\/fundos-sem-texto2-240x300.jpg 240w, https:\/\/tusp2024.webhostusp.sti.usp.br\/wp-content\/uploads\/2026\/04\/fundos-sem-texto2-768x960.jpg 768w, https:\/\/tusp2024.webhostusp.sti.usp.br\/wp-content\/uploads\/2026\/04\/fundos-sem-texto2.jpg 1080w\" sizes=\"(max-width: 819px) 100vw, 819px\" \/>                <\/p>\n<div class=\"card-footer\" style=\"margin-top: 10px; margin-bottom: 5px;\">\n<div class=\"portfolio-list-local\">\n                            <span class=\"local-tag\">Sala Experimental<\/span>                        <\/div>\n<\/p><\/div>\n<div class=\"card-content\" style=\"margin-top: 0; margin-bottom:10px;\">\n<h3 class=\"portfolio-list-title\">&#8216;Todos os filhos de Deus t\u00eam asas&#8217;, de Eugene O\u2019Neill | Leituras P\u00fablicas Ciclo XXVIII: Mulheres no TENSP<\/h3>\n<p>                    <span class=\"portfolio-list-date\">10.05.26<\/span>                <\/div>\n<p>            <\/a>\n        <\/div>\n<div class=\"tusp-portfolio-item card\" data-ano=\"2026\">\n            <a class=\"portfolio-list-items\" href=\"https:\/\/usp.br\/tusp\/portfolio\/quarto-de-empregada-de-roberto-freire-leituras-publicas-ciclo-xxviii-mulheres-no-tensp\/\"><br \/>\n                <img decoding=\"async\" width=\"819\" height=\"1024\" src=\"https:\/\/tusp2024.webhostusp.sti.usp.br\/wp-content\/uploads\/2026\/04\/fundos-sem-texto3-819x1024.jpg\" class=\"attachment-large size-large wp-post-image\" alt=\"Leituras Mulheres do TENSP | Jacira Sampaio\" srcset=\"https:\/\/tusp2024.webhostusp.sti.usp.br\/wp-content\/uploads\/2026\/04\/fundos-sem-texto3-819x1024.jpg 819w, https:\/\/tusp2024.webhostusp.sti.usp.br\/wp-content\/uploads\/2026\/04\/fundos-sem-texto3-240x300.jpg 240w, https:\/\/tusp2024.webhostusp.sti.usp.br\/wp-content\/uploads\/2026\/04\/fundos-sem-texto3-768x960.jpg 768w, https:\/\/tusp2024.webhostusp.sti.usp.br\/wp-content\/uploads\/2026\/04\/fundos-sem-texto3.jpg 1080w\" sizes=\"(max-width: 819px) 100vw, 819px\" \/>                <\/p>\n<div class=\"card-footer\" style=\"margin-top: 10px; margin-bottom: 5px;\">\n<div class=\"portfolio-list-local\">\n                            <span class=\"local-tag\">Sala Experimental<\/span>                        <\/div>\n<\/p><\/div>\n<div class=\"card-content\" style=\"margin-top: 0; margin-bottom:10px;\">\n<h3 class=\"portfolio-list-title\">&#8216;Quarto de empregada&#8217;, de Roberto Freire | Leituras P\u00fablicas Ciclo XXVIII: Mulheres no TENSP<\/h3>\n<p>                    <span class=\"portfolio-list-date\">17.05.26<\/span>                <\/div>\n<p>            <\/a>\n        <\/div>\n<div class=\"tusp-portfolio-item card\" data-ano=\"2026\">\n            <a class=\"portfolio-list-items\" href=\"https:\/\/usp.br\/tusp\/portfolio\/oracao-para-uma-negra-de-william-faulkner-leituras-publicas-ciclo-xxviii-mulheres-no-tensp\/\"><br \/>\n                <img decoding=\"async\" width=\"819\" height=\"1024\" src=\"https:\/\/tusp2024.webhostusp.sti.usp.br\/wp-content\/uploads\/2026\/04\/fundos-sem-texto4-e1777397828810-819x1024.jpg\" class=\"attachment-large size-large wp-post-image\" alt=\"\" srcset=\"https:\/\/tusp2024.webhostusp.sti.usp.br\/wp-content\/uploads\/2026\/04\/fundos-sem-texto4-e1777397828810-819x1024.jpg 819w, https:\/\/tusp2024.webhostusp.sti.usp.br\/wp-content\/uploads\/2026\/04\/fundos-sem-texto4-e1777397828810-240x300.jpg 240w, https:\/\/tusp2024.webhostusp.sti.usp.br\/wp-content\/uploads\/2026\/04\/fundos-sem-texto4-e1777397828810-768x960.jpg 768w, https:\/\/tusp2024.webhostusp.sti.usp.br\/wp-content\/uploads\/2026\/04\/fundos-sem-texto4-e1777397828810.jpg 1080w\" sizes=\"(max-width: 819px) 100vw, 819px\" \/>                <\/p>\n<div class=\"card-footer\" style=\"margin-top: 10px; margin-bottom: 5px;\">\n<div class=\"portfolio-list-local\">\n                            <span class=\"local-tag\">Sala Experimental<\/span>                        <\/div>\n<\/p><\/div>\n<div class=\"card-content\" style=\"margin-top: 0; margin-bottom:10px;\">\n<h3 class=\"portfolio-list-title\">&#8216;Ora\u00e7\u00e3o para uma negra&#8217;, de William Faulkner | Leituras P\u00fablicas Ciclo XXVIII: Mulheres no TENSP<\/h3>\n<p>                    <span class=\"portfolio-list-date\">24.05.26<\/span>                <\/div>\n<p>            <\/a>\n        <\/div>\n<div class=\"tusp-portfolio-item card\" data-ano=\"2026\">\n            <a class=\"portfolio-list-items\" href=\"https:\/\/usp.br\/tusp\/portfolio\/a-raisin-in-the-sun-o-sol-tornara-a-brilhar-de-lorraine-hansberry-leituras-publicas-ciclo-xxviii-mulheres-no-tensp\/\"><br \/>\n                <img decoding=\"async\" width=\"819\" height=\"1024\" src=\"https:\/\/tusp2024.webhostusp.sti.usp.br\/wp-content\/uploads\/2026\/04\/fundos-sem-texto-lorraine-819x1024.jpg\" class=\"attachment-large size-large wp-post-image\" alt=\"Leituras Mulheres do TENSP | Lorraine Hansberry\" srcset=\"https:\/\/tusp2024.webhostusp.sti.usp.br\/wp-content\/uploads\/2026\/04\/fundos-sem-texto-lorraine-819x1024.jpg 819w, https:\/\/tusp2024.webhostusp.sti.usp.br\/wp-content\/uploads\/2026\/04\/fundos-sem-texto-lorraine-240x300.jpg 240w, https:\/\/tusp2024.webhostusp.sti.usp.br\/wp-content\/uploads\/2026\/04\/fundos-sem-texto-lorraine-768x960.jpg 768w, https:\/\/tusp2024.webhostusp.sti.usp.br\/wp-content\/uploads\/2026\/04\/fundos-sem-texto-lorraine-1229x1536.jpg 1229w, https:\/\/tusp2024.webhostusp.sti.usp.br\/wp-content\/uploads\/2026\/04\/fundos-sem-texto-lorraine.jpg 1440w\" sizes=\"(max-width: 819px) 100vw, 819px\" \/>                <\/p>\n<div class=\"card-footer\" style=\"margin-top: 10px; margin-bottom: 5px;\">\n<div class=\"portfolio-list-local\">\n                            <span class=\"local-tag\">Sala Experimental<\/span>                        <\/div>\n<\/p><\/div>\n<div class=\"card-content\" style=\"margin-top: 0; margin-bottom:10px;\">\n<h3 class=\"portfolio-list-title\">&#8216;A raisin in the sun&#8217; (O sol tornar\u00e1 a brilhar), de Lorraine Hansberry | Leituras P\u00fablicas Ciclo XXVIII: Mulheres no TENSP<\/h3>\n<p>                    <span class=\"portfolio-list-date\">31.05.26<\/span>                <\/div>\n<p>            <\/a>\n        <\/div>\n<\/p><\/div>\n<p>            <button class=\"tusp-slider-arrow next\" aria-label=\"Pr\u00f3ximo\">&#10095;<\/button>\n        <\/div>\n<\/div>\n<\/div>\n<div class=\"secao-extra-wrapper\">\n<div class=\"secao-extra-conteudo\" style=\"background-color: rgba(255, 255, 255, 0.8);\">\n<div class=\"secao-calendario-completo\">\n<h2 style=\"text-align: center;\">PROGRAMA\u00c7\u00c3O TUSP<\/h2>\n<div class=\"tusp-calendar-container-main\" data-current-year=\"2026\" data-current-month=\"5\">\n<div class=\"tusp-calendar-column\">\n<div class=\"tusp-calendar-header\">\n<div class=\"tusp-calendar-nav tusp-prev-month\">\n            <a href=\"#\" data-month=\"4\" data-year=\"2026\">&laquo; ABRIL<\/a>\n        <\/div>\n<div class=\"tusp-calendar-month-year\">\n            MAIO 2026        <\/div>\n<div class=\"tusp-calendar-nav tusp-next-month\">\n            <a href=\"#\" data-month=\"6\" data-year=\"2026\">JUNHO &raquo;<\/a>\n        <\/div>\n<\/p><\/div>\n<div class=\"tusp-calendar-grid\">\n<div class=\"tusp-calendar-weekday-header\">DOM<\/div>\n<div class=\"tusp-calendar-weekday-header\">SEG<\/div>\n<div class=\"tusp-calendar-weekday-header\">TER<\/div>\n<div class=\"tusp-calendar-weekday-header\">QUA<\/div>\n<div class=\"tusp-calendar-weekday-header\">QUI<\/div>\n<div class=\"tusp-calendar-weekday-header\">SEX<\/div>\n<div class=\"tusp-calendar-weekday-header\">SAB<\/div>\n<div class=\"tusp-calendar-day empty\"><\/div>\n<div class=\"tusp-calendar-day empty\"><\/div>\n<div class=\"tusp-calendar-day empty\"><\/div>\n<div class=\"tusp-calendar-day empty\"><\/div>\n<div class=\"tusp-calendar-day empty\"><\/div>\n<div class=\"tusp-calendar-day\" data-day=\"1\" data-month=\"5\" data-year=\"2026\"><span class=\"day-number\">1<\/span><\/div>\n<div class=\"tusp-calendar-day\" data-day=\"2\" data-month=\"5\" data-year=\"2026\"><span class=\"day-number\">2<\/span><\/div>\n<div class=\"tusp-calendar-day\" data-day=\"3\" data-month=\"5\" data-year=\"2026\"><span class=\"day-number\">3<\/span><\/div>\n<div class=\"tusp-calendar-day\" data-day=\"4\" data-month=\"5\" data-year=\"2026\"><span class=\"day-number\">4<\/span><\/div>\n<div class=\"tusp-calendar-day\" data-day=\"5\" data-month=\"5\" data-year=\"2026\"><span class=\"day-number\">5<\/span><\/div>\n<div class=\"tusp-calendar-day today\" data-day=\"6\" data-month=\"5\" data-year=\"2026\"><span class=\"day-number\">6<\/span><\/div>\n<div class=\"tusp-calendar-day\" data-day=\"7\" data-month=\"5\" data-year=\"2026\"><span class=\"day-number\">7<\/span><\/div>\n<div class=\"tusp-calendar-day\" data-day=\"8\" data-month=\"5\" data-year=\"2026\"><span class=\"day-number\">8<\/span><\/div>\n<div class=\"tusp-calendar-day\" data-day=\"9\" data-month=\"5\" data-year=\"2026\"><span class=\"day-number\">9<\/span><\/div>\n<div class=\"tusp-calendar-day has-events\" data-day=\"10\" data-month=\"5\" data-year=\"2026\"><span class=\"day-number\">10<\/span><\/p>\n<div class=\"event-markers-container\"><span class=\"event-marker\"><\/span><\/div>\n<\/div>\n<div class=\"tusp-calendar-day\" data-day=\"11\" data-month=\"5\" data-year=\"2026\"><span class=\"day-number\">11<\/span><\/div>\n<div class=\"tusp-calendar-day\" data-day=\"12\" data-month=\"5\" data-year=\"2026\"><span class=\"day-number\">12<\/span><\/div>\n<div class=\"tusp-calendar-day\" data-day=\"13\" data-month=\"5\" data-year=\"2026\"><span class=\"day-number\">13<\/span><\/div>\n<div class=\"tusp-calendar-day\" data-day=\"14\" data-month=\"5\" data-year=\"2026\"><span class=\"day-number\">14<\/span><\/div>\n<div class=\"tusp-calendar-day\" data-day=\"15\" data-month=\"5\" data-year=\"2026\"><span class=\"day-number\">15<\/span><\/div>\n<div class=\"tusp-calendar-day\" data-day=\"16\" data-month=\"5\" data-year=\"2026\"><span class=\"day-number\">16<\/span><\/div>\n<div class=\"tusp-calendar-day has-events\" data-day=\"17\" data-month=\"5\" data-year=\"2026\"><span class=\"day-number\">17<\/span><\/p>\n<div class=\"event-markers-container\"><span class=\"event-marker\"><\/span><\/div>\n<\/div>\n<div class=\"tusp-calendar-day\" data-day=\"18\" data-month=\"5\" data-year=\"2026\"><span class=\"day-number\">18<\/span><\/div>\n<div class=\"tusp-calendar-day\" data-day=\"19\" data-month=\"5\" data-year=\"2026\"><span class=\"day-number\">19<\/span><\/div>\n<div class=\"tusp-calendar-day\" data-day=\"20\" data-month=\"5\" data-year=\"2026\"><span class=\"day-number\">20<\/span><\/div>\n<div class=\"tusp-calendar-day\" data-day=\"21\" data-month=\"5\" data-year=\"2026\"><span class=\"day-number\">21<\/span><\/div>\n<div class=\"tusp-calendar-day\" data-day=\"22\" data-month=\"5\" data-year=\"2026\"><span class=\"day-number\">22<\/span><\/div>\n<div class=\"tusp-calendar-day\" data-day=\"23\" data-month=\"5\" data-year=\"2026\"><span class=\"day-number\">23<\/span><\/div>\n<div class=\"tusp-calendar-day has-events\" data-day=\"24\" data-month=\"5\" data-year=\"2026\"><span class=\"day-number\">24<\/span><\/p>\n<div class=\"event-markers-container\"><span class=\"event-marker\"><\/span><\/div>\n<\/div>\n<div class=\"tusp-calendar-day\" data-day=\"25\" data-month=\"5\" data-year=\"2026\"><span class=\"day-number\">25<\/span><\/div>\n<div class=\"tusp-calendar-day\" data-day=\"26\" data-month=\"5\" data-year=\"2026\"><span class=\"day-number\">26<\/span><\/div>\n<div class=\"tusp-calendar-day\" data-day=\"27\" data-month=\"5\" data-year=\"2026\"><span class=\"day-number\">27<\/span><\/div>\n<div class=\"tusp-calendar-day\" data-day=\"28\" data-month=\"5\" data-year=\"2026\"><span class=\"day-number\">28<\/span><\/div>\n<div class=\"tusp-calendar-day\" data-day=\"29\" data-month=\"5\" data-year=\"2026\"><span class=\"day-number\">29<\/span><\/div>\n<div class=\"tusp-calendar-day\" data-day=\"30\" data-month=\"5\" data-year=\"2026\"><span class=\"day-number\">30<\/span><\/div>\n<div class=\"tusp-calendar-day has-events\" data-day=\"31\" data-month=\"5\" data-year=\"2026\"><span class=\"day-number\">31<\/span><\/p>\n<div class=\"event-markers-container\"><span class=\"event-marker\"><\/span><\/div>\n<\/div><\/div>\n<\/p><\/div>\n<div class=\"tusp-event-list-column\">\n<div class=\"tusp-event-list-header\">\n        EVENTOS PARA <span class=\"selected-date-for-events\">6 DE MAIO<\/span>\n    <\/div>\n<div class=\"tusp-event-list-content\">\n<p>Clique em um dia no calend\u00e1rio para ver os eventos.<\/p>\n<\/p><\/div>\n<\/p><\/div>\n<\/div>\n<p style=\"margin-bottom: 0.5em; text-align: center;\"><span style=\"font-family: Roboto, sans-serif;\"><strong><span style=\"font-size: 11px;\">R. Maria Ant\u00f4nia, 294 \u2013 V. Buarque (Teatro &amp; Sala Experimental) | R. do Anfiteatro, 109 \u2013 Cid. Universit\u00e1ria (TUSP Butant\u00e3)<\/span><\/strong><\/span><\/p>\n<\/div>\n<\/div>\n<\/div>\n","protected":false},"excerpt":{"rendered":"<p>EM CARTAZ PROGRAMA\u00c7\u00c3O TUSP R. Maria Ant\u00f4nia, 294 \u2013 V. Buarque (Teatro &amp; Sala Experimental) | R. do Anfiteatro, 109 \u2013 Cid. Universit\u00e1ria (TUSP Butant\u00e3) <a class=\"read-more\" href=\"https:\/\/usp.br\/tusp\/portfolio\/programa-tusp-de-leituras-publicas-ciclo-i-pecas-radiofonicas\/\">[&#8230;]<\/a><\/p>\n","protected":false},"author":10,"featured_media":0,"parent":0,"menu_order":0,"comment_status":"closed","ping_status":"closed","template":"","meta":{"_acf_changed":false,"site-sidebar-layout":"default","site-content-layout":"","ast-site-content-layout":"default","site-content-style":"default","site-sidebar-style":"default","ast-global-header-display":"","ast-banner-title-visibility":"","ast-main-header-display":"","ast-hfb-above-header-display":"","ast-hfb-below-header-display":"","ast-hfb-mobile-header-display":"","site-post-title":"disabled","ast-breadcrumbs-content":"","ast-featured-img":"","footer-sml-layout":"","ast-disable-related-posts":"","theme-transparent-header-meta":"default","adv-header-id-meta":"","stick-header-meta":"","header-above-stick-meta":"","header-main-stick-meta":"","header-below-stick-meta":"","astra-migrate-meta-layouts":"set","ast-page-background-enabled":"default","ast-page-background-meta":{"desktop":{"background-color":"var(--ast-global-color-4)","background-image":"","background-repeat":"repeat","background-position":"center center","background-size":"auto","background-attachment":"scroll","background-type":"","background-media":"","overlay-type":"","overlay-color":"","overlay-opacity":"","overlay-gradient":""},"tablet":{"background-color":"","background-image":"","background-repeat":"repeat","background-position":"center center","background-size":"auto","background-attachment":"scroll","background-type":"","background-media":"","overlay-type":"","overlay-color":"","overlay-opacity":"","overlay-gradient":""},"mobile":{"background-color":"","background-image":"","background-repeat":"repeat","background-position":"center center","background-size":"auto","background-attachment":"scroll","background-type":"","background-media":"","overlay-type":"","overlay-color":"","overlay-opacity":"","overlay-gradient":""}},"ast-content-background-meta":{"desktop":{"background-color":"var(--ast-global-color-5)","background-image":"","background-repeat":"repeat","background-position":"center center","background-size":"auto","background-attachment":"scroll","background-type":"","background-media":"","overlay-type":"","overlay-color":"","overlay-opacity":"","overlay-gradient":""},"tablet":{"background-color":"var(--ast-global-color-5)","background-image":"","background-repeat":"repeat","background-position":"center center","background-size":"auto","background-attachment":"scroll","background-type":"","background-media":"","overlay-type":"","overlay-color":"","overlay-opacity":"","overlay-gradient":""},"mobile":{"background-color":"var(--ast-global-color-5)","background-image":"","background-repeat":"repeat","background-position":"center center","background-size":"auto","background-attachment":"scroll","background-type":"","background-media":"","overlay-type":"","overlay-color":"","overlay-opacity":"","overlay-gradient":""}},"footnotes":""},"class_list":["post-115","page","type-page","status-publish","hentry"],"acf":[],"_links":{"self":[{"href":"https:\/\/usp.br\/tusp\/wp-json\/wp\/v2\/pages\/115","targetHints":{"allow":["GET"]}}],"collection":[{"href":"https:\/\/usp.br\/tusp\/wp-json\/wp\/v2\/pages"}],"about":[{"href":"https:\/\/usp.br\/tusp\/wp-json\/wp\/v2\/types\/page"}],"author":[{"embeddable":true,"href":"https:\/\/usp.br\/tusp\/wp-json\/wp\/v2\/users\/10"}],"replies":[{"embeddable":true,"href":"https:\/\/usp.br\/tusp\/wp-json\/wp\/v2\/comments?post=115"}],"version-history":[{"count":124,"href":"https:\/\/usp.br\/tusp\/wp-json\/wp\/v2\/pages\/115\/revisions"}],"predecessor-version":[{"id":9825,"href":"https:\/\/usp.br\/tusp\/wp-json\/wp\/v2\/pages\/115\/revisions\/9825"}],"wp:attachment":[{"href":"https:\/\/usp.br\/tusp\/wp-json\/wp\/v2\/media?parent=115"}],"curies":[{"name":"wp","href":"https:\/\/api.w.org\/{rel}","templated":true}]}}