{"id":791,"date":"2012-03-27T15:50:30","date_gmt":"2012-03-27T18:50:30","guid":{"rendered":"http:\/\/www.usp.br\/tusp\/?page_id=791"},"modified":"2026-04-22T17:37:39","modified_gmt":"2026-04-22T20:37:39","slug":"programa-tusp-de-leituras-publicas","status":"publish","type":"page","link":"https:\/\/usp.br\/tusp\/programa-tusp-de-leituras-publicas\/","title":{"rendered":"Programa TUSP de Leituras P\u00fablicas"},"content":{"rendered":"<p>Desde 2009 o <strong>Programa TUSP de Leituras P\u00fablicas\u00a0<\/strong>do Teatro da USP vem propondo, a cada ciclo, uma s\u00e9rie de leituras de pe\u00e7as teatrais selecionadas, de autores ou temas espec\u00edficos. Em encontros abertos e gratuitos, as nossas Leituras P\u00fablicas s\u00e3o sempre realizadas pelo p\u00fablico presente, com a media\u00e7\u00e3o da equipe art\u00edstico-pedag\u00f3gica do TUSP e a presen\u00e7a especial de convidados.<\/p>\n<p>A inten\u00e7\u00e3o das Leituras \u00e9 oferecer um espa\u00e7o de troca que tenha um p\u00fablico que acompanhe cada ciclo, abrindo espa\u00e7o para uma experi\u00eancia diferenciada de plateia que fortale\u00e7a o sentido de pertencimento \u00e0 coisa p\u00fablica por meio da experi\u00eancia est\u00e9tica. O Programa est\u00e1 ligado aos N\u00facleos de Experi\u00eancia e Aprecia\u00e7\u00e3o Teatral do TUSP, atuantes na capital e nos <em>campi<\/em> de Piracicaba, Ribeir\u00e3o Preto, Bauru e S\u00e3o Carlos. Venha ler conosco!!<\/p>\n<div id=\"metaslider-id-9123\" style=\"width: 100%;\" class=\"ml-slider-3-109-0 metaslider metaslider-flex metaslider-9123 ml-slider has-dots-nav ms-theme-default-base\" role=\"region\" aria-label=\"Leituras P\u00fablicas - completo\" data-height=\"300\" data-width=\"700\">\n<div id=\"metaslider_container_9123\">\n<div id=\"metaslider_9123\">\n<ul aria-live='off' class='slides'>\n<li style=\"display: block; width: 100%;\" class=\"slide-9271 ms-image \" aria-roledescription=\"slide\" data-date=\"2025-10-24 13:01:08\" data-filename=\"slidesperancar-1-700x300.jpg\" data-slide-type=\"image\"><a href=\"https:\/\/usp.br\/tusp\/portfolio\/8324\/\" target=\"_self\" aria-label=\"Esperan\u00e7ar\" class=\"metaslider_image_link\"><img decoding=\"async\" src=\"https:\/\/tusp2024.webhostusp.sti.usp.br\/wp-content\/uploads\/2025\/05\/slidesperancar-1-700x300.jpg\" height=\"300\" width=\"700\" alt=\"\" class=\"slider-9123 slide-9271 msDefaultImage\" title=\"slidesperancar\" \/><\/a><\/li>\n<li style=\"display: none; width: 100%;\" class=\"slide-9124 ms-image \" aria-roledescription=\"slide\" data-date=\"2025-09-18 13:36:24\" data-filename=\"slide-leituras-700x300.jpg\" data-slide-type=\"image\"><a href=\"https:\/\/tusp2024.webhostusp.sti.usp.br\/portfolio\/leituras-publicas-pai-brasil-2\/\" target=\"_self\" aria-label=\"Pai Brasil?\" class=\"metaslider_image_link\"><img decoding=\"async\" src=\"https:\/\/tusp2024.webhostusp.sti.usp.br\/wp-content\/uploads\/2023\/11\/slide-leituras-700x300.jpg\" height=\"300\" width=\"700\" alt=\"\" class=\"slider-9123 slide-9124 msDefaultImage\" title=\"slide leituras\" \/><\/a><\/li>\n<li style=\"display: none; width: 100%;\" class=\"slide-9125 ms-image \" aria-roledescription=\"slide\" data-date=\"2025-09-18 13:36:24\" data-filename=\"slideshow-site-leituras-CC2-700x300.png\" data-slide-type=\"image\"><a href=\"https:\/\/tusp2024.webhostusp.sti.usp.br\/portfolio\/leituras-publicas-ciclo-xxv-dramaturgias-em-processo-2\/\" target=\"_self\" aria-label=\"Dramaturgias em Processo 2023\" class=\"metaslider_image_link\"><img decoding=\"async\" src=\"https:\/\/tusp2024.webhostusp.sti.usp.br\/wp-content\/uploads\/2023\/08\/slideshow-site-leituras-CC2-700x300.png\" height=\"300\" width=\"700\" alt=\"\" class=\"slider-9123 slide-9125 msDefaultImage\" title=\"slideshow site leituras CC2\" \/><\/a><\/li>\n<li style=\"display: none; width: 100%;\" class=\"slide-9126 ms-image \" aria-roledescription=\"slide\" data-date=\"2025-09-18 13:36:24\" data-filename=\"slideshow-site-leituras4-700x300.jpg\" data-slide-type=\"image\"><a href=\"https:\/\/tusp2024.webhostusp.sti.usp.br\/portfolio\/leituras-publicas-ciclo-xxiv-dramaturgias-em-processo\/\" target=\"_self\" aria-label=\"Dramaturgias em Processo 2022\" class=\"metaslider_image_link\"><img decoding=\"async\" src=\"https:\/\/tusp2024.webhostusp.sti.usp.br\/wp-content\/uploads\/2022\/08\/slideshow-site-leituras4-700x300.jpg\" height=\"300\" width=\"700\" alt=\"\" class=\"slider-9123 slide-9126 msDefaultImage\" title=\"slideshow site leituras4\" \/><\/a><\/li>\n<li style=\"display: none; width: 100%;\" class=\"slide-9127 ms-image \" aria-roledescription=\"slide\" data-date=\"2025-09-18 13:36:24\" data-filename=\"slideshow-site-leituras3-700x300.jpg\" data-slide-type=\"image\"><a href=\"https:\/\/usp.br\/tusp\/portfolio\/leituras-publicas-tusp-ciclo-xxiii-tensp\/\" target=\"_self\" aria-label=\"View Slide Details\" class=\"metaslider_image_link\"><img decoding=\"async\" src=\"https:\/\/tusp2024.webhostusp.sti.usp.br\/wp-content\/uploads\/2022\/08\/slideshow-site-leituras3-700x300.jpg\" height=\"300\" width=\"700\" alt=\"\" class=\"slider-9123 slide-9127 msDefaultImage\" title=\"slideshow site leituras3\" \/><\/a><\/li>\n<li style=\"display: none; width: 100%;\" class=\"slide-9128 ms-image \" aria-roledescription=\"slide\" data-date=\"2025-09-18 13:36:24\" data-filename=\"slideshow-site-leituras-700x300.jpg\" data-slide-type=\"image\"><a href=\"https:\/\/usp.br\/tusp\/portfolio\/leituras-publicas-ciclo-xxii-vera-karam\/\" target=\"_self\" aria-label=\"Vera Karam\" class=\"metaslider_image_link\"><img decoding=\"async\" src=\"https:\/\/tusp2024.webhostusp.sti.usp.br\/wp-content\/uploads\/2022\/08\/slideshow-site-leituras-700x300.jpg\" height=\"300\" width=\"700\" alt=\"\" class=\"slider-9123 slide-9128 msDefaultImage\" title=\"slideshow site leituras\" \/><\/a><\/li>\n<li style=\"display: none; width: 100%;\" class=\"slide-9129 ms-image \" aria-roledescription=\"slide\" data-date=\"2025-09-18 13:36:25\" data-filename=\"slideshow-site-leituras2-700x300.jpg\" data-slide-type=\"image\"><a href=\"https:\/\/usp.br\/tusp\/portfolio\/leituras-publicas-ciclo-xxi-jorge-andrade\/\" target=\"_self\" aria-label=\"View Slide Details\" class=\"metaslider_image_link\"><img decoding=\"async\" src=\"https:\/\/tusp2024.webhostusp.sti.usp.br\/wp-content\/uploads\/2022\/08\/slideshow-site-leituras2-700x300.jpg\" height=\"300\" width=\"700\" alt=\"\" class=\"slider-9123 slide-9129 msDefaultImage\" title=\"slideshow site leituras2\" \/><\/a><\/li>\n<li style=\"display: none; width: 100%;\" class=\"slide-9132 ms-image \" aria-roledescription=\"slide\" data-date=\"2025-09-18 13:36:25\" data-filename=\"slideshow-site-leiturasXX-700x300.jpg\" data-slide-type=\"image\"><a href=\"https:\/\/usp.br\/tusp\/portfolio\/leituras-publicas-ciclo-xx-dramaturgias-da-opiniao\/\" target=\"_self\" aria-label=\"Dramaturgias da Opini\u00e3o\" class=\"metaslider_image_link\"><img decoding=\"async\" src=\"https:\/\/tusp2024.webhostusp.sti.usp.br\/wp-content\/uploads\/2018\/12\/slideshow-site-leiturasXX-700x300.jpg\" height=\"300\" width=\"700\" alt=\"\" class=\"slider-9123 slide-9132 msDefaultImage\" title=\"slideshow site leiturasXX\" \/><\/a><\/li>\n<li style=\"display: none; width: 100%;\" class=\"slide-9133 ms-image \" aria-roledescription=\"slide\" data-date=\"2025-09-18 13:36:25\" data-filename=\"slideshow-site-leituras-700x300.jpg\" data-slide-type=\"image\"><a href=\"https:\/\/usp.br\/tusp\/portfolio\/leituras-publicas-ciclo-xix-matei-visniec\/\" target=\"_self\" aria-label=\"Matei Visniec\" class=\"metaslider_image_link\"><img decoding=\"async\" src=\"https:\/\/tusp2024.webhostusp.sti.usp.br\/wp-content\/uploads\/2018\/05\/slideshow-site-leituras-700x300.jpg\" height=\"300\" width=\"700\" alt=\"\" class=\"slider-9123 slide-9133 msDefaultImage\" title=\"slideshow site leituras\" \/><\/a><\/li>\n<li style=\"display: none; width: 100%;\" class=\"slide-9135 ms-image \" aria-roledescription=\"slide\" data-date=\"2025-09-18 13:36:25\" data-filename=\"LEITURAS-SLIDESHOW-700x300.jpg\" data-slide-type=\"image\"><a href=\"https:\/\/usp.br\/tusp\/portfolio\/negrxs-leituras-publicas-ciclo-xviii\/\" target=\"_self\" aria-label=\"Negrxs\" class=\"metaslider_image_link\"><img decoding=\"async\" src=\"https:\/\/tusp2024.webhostusp.sti.usp.br\/wp-content\/uploads\/2018\/04\/LEITURAS-SLIDESHOW-700x300.jpg\" height=\"300\" width=\"700\" alt=\"\" class=\"slider-9123 slide-9135 msDefaultImage\" title=\"LEITURAS SLIDESHOW\" \/><\/a><\/li>\n<li style=\"display: none; width: 100%;\" class=\"slide-9136 ms-image \" aria-roledescription=\"slide\" data-date=\"2025-09-18 13:36:26\" data-filename=\"leituras-slide-site5-700x300.jpg\" data-slide-type=\"image\"><a href=\"https:\/\/usp.br\/tusp\/portfolio\/leituras-publicas-ciclo-xvii-essas\/\" target=\"_self\" aria-label=\"Essas\" class=\"metaslider_image_link\"><img decoding=\"async\" src=\"https:\/\/tusp2024.webhostusp.sti.usp.br\/wp-content\/uploads\/2017\/06\/leituras-slide-site5-700x300.jpg\" height=\"300\" width=\"700\" alt=\"\" class=\"slider-9123 slide-9136 msDefaultImage\" title=\"leituras slide site5\" \/><\/a><\/li>\n<li style=\"display: none; width: 100%;\" class=\"slide-9137 ms-image \" aria-roledescription=\"slide\" data-date=\"2025-09-18 13:36:26\" data-filename=\"leituras-slide-site4-700x300.jpg\" data-slide-type=\"image\"><a href=\"https:\/\/usp.br\/tusp\/portfolio\/leituras-publicas-ciclo-xvi-dramaturgas\/\" target=\"_self\" aria-label=\"Dramaturgas\" class=\"metaslider_image_link\"><img decoding=\"async\" src=\"https:\/\/tusp2024.webhostusp.sti.usp.br\/wp-content\/uploads\/2017\/06\/leituras-slide-site4-700x300.jpg\" height=\"300\" width=\"700\" alt=\"\" class=\"slider-9123 slide-9137 msDefaultImage\" title=\"leituras slide site4\" \/><\/a><\/li>\n<li style=\"display: none; width: 100%;\" class=\"slide-9138 ms-image \" aria-roledescription=\"slide\" data-date=\"2025-09-18 13:36:26\" data-filename=\"leituras-slide-site3-700x300.jpg\" data-slide-type=\"image\"><a href=\"https:\/\/tusp2024.webhostusp.sti.usp.br\/portfolio\/programa-tusp-de-leituras-publicas\/\" target=\"_self\" aria-label=\"Teatro e Sociedade do Brasil nos Anos 1960\" class=\"metaslider_image_link\"><img decoding=\"async\" src=\"https:\/\/tusp2024.webhostusp.sti.usp.br\/wp-content\/uploads\/2017\/06\/leituras-slide-site3-700x300.jpg\" height=\"300\" width=\"700\" alt=\"\" class=\"slider-9123 slide-9138 msDefaultImage\" title=\"leituras slide site3\" \/><\/a><\/li>\n<li style=\"display: none; width: 100%;\" class=\"slide-9140 ms-image \" aria-roledescription=\"slide\" data-date=\"2025-09-18 13:36:26\" data-filename=\"leituras-slide-site2-700x300.jpg\" data-slide-type=\"image\"><a href=\"https:\/\/usp.br\/tusp\/portfolio\/xiv-ciclo-de-leituras-publicas-em-sao-paulo\/\" target=\"_self\" aria-label=\"Harold Pinter\" class=\"metaslider_image_link\"><img decoding=\"async\" src=\"https:\/\/tusp2024.webhostusp.sti.usp.br\/wp-content\/uploads\/2017\/06\/leituras-slide-site2-700x300.jpg\" height=\"300\" width=\"700\" alt=\"\" class=\"slider-9123 slide-9140 msDefaultImage\" title=\"leituras slide site2\" \/><\/a><\/li>\n<li style=\"display: none; width: 100%;\" class=\"slide-9139 ms-image \" aria-roledescription=\"slide\" data-date=\"2025-09-18 13:36:26\" data-filename=\"leituras-slide-site-700x300.jpg\" data-slide-type=\"image\"><a href=\"https:\/\/www.usp.br\/tusp\/leituras-publicas-tennessee-williams-em-um-ato\/\" target=\"_self\" aria-label=\"Tennessee Williams em um Ato\" class=\"metaslider_image_link\"><img decoding=\"async\" src=\"https:\/\/tusp2024.webhostusp.sti.usp.br\/wp-content\/uploads\/2017\/06\/leituras-slide-site-700x300.jpg\" height=\"300\" width=\"700\" alt=\"\" class=\"slider-9123 slide-9139 msDefaultImage\" title=\"leituras slide site\" \/><\/a><\/li>\n<li style=\"display: none; width: 100%;\" class=\"slide-9134 ms-image \" aria-roledescription=\"slide\" data-date=\"2025-09-18 13:36:25\" data-filename=\"LEITURAS-SLIDESHOW-700x300.jpg\" data-slide-type=\"image\"><a href=\"https:\/\/usp.br\/tusp\/ciclo-tusp-de-leituras-publicas-teatro-mexicano-contemporaneo\/\" target=\"_self\" aria-label=\"Teatro Mexicano Contempor\u00e2neo\" class=\"metaslider_image_link\"><img decoding=\"async\" src=\"https:\/\/tusp2024.webhostusp.sti.usp.br\/wp-content\/uploads\/2014\/12\/LEITURAS-SLIDESHOW-700x300.jpg\" height=\"300\" width=\"700\" alt=\"\" class=\"slider-9123 slide-9134 msDefaultImage\" title=\"LEITURAS SLIDESHOW\" \/><\/a><\/li>\n<li style=\"display: none; width: 100%;\" class=\"slide-9146 ms-image \" aria-roledescription=\"slide\" data-date=\"2025-09-18 13:36:27\" data-filename=\"Multidao-Protagonista-317x136.png\" data-slide-type=\"image\"><a href=\"https:\/\/tusp2024.webhostusp.sti.usp.br\/portfolio\/programa-tusp-de-leituras-publicas-ciclo-xii-multidao-protagonista-2\/\" target=\"_self\" aria-label=\"A Multid\u00e3o Protagonista\" class=\"metaslider_image_link\"><img decoding=\"async\" src=\"https:\/\/tusp2024.webhostusp.sti.usp.br\/wp-content\/uploads\/2025\/11\/Multidao-Protagonista-317x136.png\" height=\"300\" width=\"700\" alt=\"\" class=\"slider-9123 slide-9146 msDefaultImage\" title=\"Multidao Protagonista\" \/><\/a><\/li>\n<li style=\"display: none; width: 100%;\" class=\"slide-9439 ms-image \" aria-roledescription=\"slide\" data-date=\"2025-11-12 17:27:11\" data-filename=\"CicloXI-Brecht-contra-a-Patria-700x300.jpg\" data-slide-type=\"image\"><a href=\"https:\/\/usp.br\/tusp\/programa-tusp-de-leituras-publicas-ciclo-xi-brecht-contra-patria\/\" target=\"_self\" aria-label=\"Ciclo XI: Brecht contra a P\u00e1tria\" class=\"metaslider_image_link\"><img decoding=\"async\" src=\"https:\/\/tusp2024.webhostusp.sti.usp.br\/wp-content\/uploads\/2025\/11\/CicloXI-Brecht-contra-a-Patria-700x300.jpg\" height=\"300\" width=\"700\" alt=\"Ciclo XI: Brecht contra a P\u00e1tria\" class=\"slider-9123 slide-9439 msDefaultImage\" title=\"CicloXI: Brecht contra a P\u00e1tria\" \/><\/a><\/li>\n<li style=\"display: none; width: 100%;\" class=\"slide-9142 ms-image \" aria-roledescription=\"slide\" data-date=\"2025-09-18 13:36:27\" data-filename=\"CicloX_LeiturasPublicas-e1762966609653-694x297.jpg\" data-slide-type=\"image\"><a href=\"https:\/\/usp.br\/tusp\/2479-2\/\" target=\"_self\" aria-label=\"Realidades Incendi\u00e1rias\" class=\"metaslider_image_link\"><img decoding=\"async\" src=\"https:\/\/tusp2024.webhostusp.sti.usp.br\/wp-content\/uploads\/2013\/09\/CicloX_LeiturasPublicas-e1762966609653-694x297.jpg\" height=\"300\" width=\"700\" alt=\"\" class=\"slider-9123 slide-9142 msDefaultImage\" title=\"CicloX_LeiturasPublicas\" \/><\/a><\/li>\n<li style=\"display: none; width: 100%;\" class=\"slide-9144 ms-image \" aria-roledescription=\"slide\" data-date=\"2025-09-18 13:36:27\" data-filename=\"leituras-publicas-VIII-700x300.jpg\" data-slide-type=\"image\"><a href=\"https:\/\/usp.br\/tusp\/portfolio\/programa-tusp-de-leituras-publicas-ciclo-viii-nelson-rodrigues-100-anos\/\" target=\"_self\" aria-label=\"Nelson Rodrigues \u2013 100 anos\" class=\"metaslider_image_link\"><img decoding=\"async\" src=\"https:\/\/tusp2024.webhostusp.sti.usp.br\/wp-content\/uploads\/2013\/07\/leituras-publicas-VIII-700x300.jpg\" height=\"300\" width=\"700\" alt=\"\" class=\"slider-9123 slide-9144 msDefaultImage\" title=\"leituras publicas VIII\" \/><\/a><\/li>\n<li style=\"display: none; width: 100%;\" class=\"slide-9143 ms-image \" aria-roledescription=\"slide\" data-date=\"2025-09-18 13:36:27\" data-filename=\"leituras-publicas-2012-teatro-da-usp-sp-2-700x300.jpg\" data-slide-type=\"image\"><a href=\"https:\/\/www.usp.br\/tusp\/programa-tusp-de-leituras-publicas-ciclo-vii-teatro-verdade-e-justica\/\" target=\"_self\" aria-label=\"Ciclo VII:Teatro, Verdade e Justi\u00e7a\" class=\"metaslider_image_link\"><img decoding=\"async\" src=\"https:\/\/tusp2024.webhostusp.sti.usp.br\/wp-content\/uploads\/2012\/04\/leituras-publicas-2012-teatro-da-usp-sp-2-700x300.jpg\" height=\"300\" width=\"700\" alt=\"Leituras P\u00fablicas - TUSP - Teatro da USP\" class=\"slider-9123 slide-9143 msDefaultImage\" title=\"leituras-publicas-2012-teatro-da-usp-sp-2\" \/><\/a><\/li>\n<li style=\"display: none; width: 100%;\" class=\"slide-9147 ms-image \" aria-roledescription=\"slide\" data-date=\"2025-09-18 13:36:27\" data-filename=\"Leituras-2011-2-webflyer-sampa-ATUALIZADO-2025-700x300.jpg\" data-slide-type=\"image\"><a href=\"https:\/\/usp.br\/tusp\/portfolio\/programa-tusp-de-leituras-publicas-ciclo-vi-leituras-da-comedia-brasileira\/\" target=\"_self\" aria-label=\"Leituras da Com\u00e9dia Brasileira\" class=\"metaslider_image_link\"><img decoding=\"async\" src=\"https:\/\/tusp2024.webhostusp.sti.usp.br\/wp-content\/uploads\/2025\/11\/Leituras-2011-2-webflyer-sampa-ATUALIZADO-2025-700x300.jpg\" height=\"300\" width=\"700\" alt=\"Leituras da Com\u00e9dia Brasileira\" class=\"slider-9123 slide-9147 msDefaultImage\" title=\"Leituras da Com\u00e9dia Brasileira\" \/><\/a><\/li>\n<li style=\"display: none; width: 100%;\" class=\"slide-9441 ms-image \" aria-roledescription=\"slide\" data-date=\"2025-11-12 17:37:50\" data-filename=\"ciclo-V-Teatro-Brasileiro-tradicao-resistencia-e-ruptura-700x300.jpg\" data-slide-type=\"image\"><a href=\"https:\/\/usp.br\/tusp\/programa-tusp-de-leituras-publicas-ciclo-v-teatro-brasileiro-tradicao-resistencia-e-ruptura\/\" target=\"_self\" aria-label=\"Ciclo V: Teatro Brasileiro: Tradi\u00e7\u00e3o, Resist\u00eancia e Ruptura\" class=\"metaslider_image_link\"><img decoding=\"async\" src=\"https:\/\/tusp2024.webhostusp.sti.usp.br\/wp-content\/uploads\/2025\/11\/ciclo-V-Teatro-Brasileiro-tradicao-resistencia-e-ruptura-700x300.jpg\" height=\"300\" width=\"700\" alt=\"Ciclo V: Teatro Brasileiro \u2013 Tradi\u00e7\u00e3o Resist\u00eancia e Ruptura\" class=\"slider-9123 slide-9441 msDefaultImage\" title=\"Ciclo V: Teatro Brasileiro \u2013 Tradi\u00e7\u00e3o Resist\u00eancia e Ruptura\" \/><\/a><\/li>\n<li style=\"display: none; width: 100%;\" class=\"slide-9150 ms-image \" aria-roledescription=\"slide\" data-date=\"2025-09-18 13:36:28\" data-filename=\"Ciclo-IV-Perspectivas-do-Drama-Moderno-700x300.jpg\" data-slide-type=\"image\"><a href=\"https:\/\/usp.br\/tusp\/portfolio\/programa-tusp-de-leituras-publicas-ciclo-iv-perspectivas-do-drama-moderno\/\" target=\"_self\" aria-label=\"Ciclo IV-Perspectivas do Drama Moderno\" class=\"metaslider_image_link\"><img decoding=\"async\" src=\"https:\/\/tusp2024.webhostusp.sti.usp.br\/wp-content\/uploads\/2025\/11\/Ciclo-IV-Perspectivas-do-Drama-Moderno-700x300.jpg\" height=\"300\" width=\"700\" alt=\"Ciclo IV-Perspectivas do Drama Moderno\" class=\"slider-9123 slide-9150 msDefaultImage\" title=\"Ciclo IV-Perspectivas do Drama Moderno\" \/><\/a><\/li>\n<li style=\"display: none; width: 100%;\" class=\"slide-9151 ms-image \" aria-roledescription=\"slide\" data-date=\"2025-09-18 13:36:28\" data-filename=\"CIclo-III-A-Explosao-do-Feminino-700x300.jpg\" data-slide-type=\"image\"><a href=\"https:\/\/usp.br\/tusp\/portfolio\/programa-tusp-de-leituras-publicas-ciclo-iii-a-explosao-do-feminino\/\" target=\"_self\" aria-label=\"Ciclo III: A Explos\u00e3o do Feminino\" class=\"metaslider_image_link\"><img decoding=\"async\" src=\"https:\/\/tusp2024.webhostusp.sti.usp.br\/wp-content\/uploads\/2025\/11\/CIclo-III-A-Explosao-do-Feminino-700x300.jpg\" height=\"300\" width=\"700\" alt=\"CIclo III-A Explos\u00e3o do Feminino\" class=\"slider-9123 slide-9151 msDefaultImage\" title=\"CIclo III-A Explos\u00e3o do Feminino\" \/><\/a><\/li>\n<li style=\"display: none; width: 100%;\" class=\"slide-9149 ms-image \" aria-roledescription=\"slide\" data-date=\"2025-09-18 13:36:28\" data-filename=\"leituras-slide-700x300.jpg\" data-slide-type=\"image\"><a href=\"https:\/\/tusp2024.webhostusp.sti.usp.br\/portfolio\/844-2\/\" target=\"_self\" aria-label=\"Pe\u00e7as de Um Ato de Tch\u00e9khov\" class=\"metaslider_image_link\"><img decoding=\"async\" src=\"https:\/\/tusp2024.webhostusp.sti.usp.br\/wp-content\/uploads\/2025\/11\/leituras-slide-700x300.jpg\" height=\"300\" width=\"700\" alt=\"Pe\u00e7as de um Ato de Tch\u00e9khov\" class=\"slider-9123 slide-9149 msDefaultImage\" title=\"Pe\u00e7as de um Ato de Tch\u00e9khov\" \/><\/a><\/li>\n<li style=\"display: none; width: 100%;\" class=\"slide-9148 ms-image \" aria-roledescription=\"slide\" data-date=\"2025-09-18 13:36:27\" data-filename=\"leituras-slide2-700x300.jpg\" data-slide-type=\"image\"><a href=\"https:\/\/tusp2024.webhostusp.sti.usp.br\/portfolio\/programa-tusp-de-leituras-publicas-ciclo-i-pecas-radiofonicas\/\" target=\"_self\" aria-label=\"Pe\u00e7as Radiof\u00f4nicas\" class=\"metaslider_image_link\"><img decoding=\"async\" src=\"https:\/\/tusp2024.webhostusp.sti.usp.br\/wp-content\/uploads\/2025\/11\/leituras-slide2-700x300.jpg\" height=\"300\" width=\"700\" alt=\"Pe\u00e7as Radiof\u00f4nicas\" class=\"slider-9123 slide-9148 msDefaultImage\" title=\"Pe\u00e7as Radiof\u00f4nicas\" \/><\/a><\/li>\n<\/ul><\/div>\n<\/p><\/div>\n<\/div>\n","protected":false},"excerpt":{"rendered":"<p>Desde 2009 o Programa TUSP de Leituras P\u00fablicas\u00a0do Teatro da USP vem propondo, a cada ciclo, uma s\u00e9rie de leituras de pe\u00e7as teatrais selecionadas, de autores ou <a class=\"read-more\" href=\"https:\/\/usp.br\/tusp\/programa-tusp-de-leituras-publicas\/\">[&#8230;]<\/a><\/p>\n","protected":false},"author":2,"featured_media":0,"parent":0,"menu_order":0,"comment_status":"closed","ping_status":"open","template":"","meta":{"_acf_changed":false,"site-sidebar-layout":"default","site-content-layout":"","ast-site-content-layout":"default","site-content-style":"default","site-sidebar-style":"default","ast-global-header-display":"","ast-banner-title-visibility":"","ast-main-header-display":"","ast-hfb-above-header-display":"","ast-hfb-below-header-display":"","ast-hfb-mobile-header-display":"","site-post-title":"","ast-breadcrumbs-content":"","ast-featured-img":"","footer-sml-layout":"","ast-disable-related-posts":"","theme-transparent-header-meta":"default","adv-header-id-meta":"","stick-header-meta":"","header-above-stick-meta":"","header-main-stick-meta":"","header-below-stick-meta":"","astra-migrate-meta-layouts":"set","ast-page-background-enabled":"default","ast-page-background-meta":{"desktop":{"background-color":"var(--ast-global-color-4)","background-image":"","background-repeat":"repeat","background-position":"center center","background-size":"auto","background-attachment":"scroll","background-type":"","background-media":"","overlay-type":"","overlay-color":"","overlay-opacity":"","overlay-gradient":""},"tablet":{"background-color":"","background-image":"","background-repeat":"repeat","background-position":"center center","background-size":"auto","background-attachment":"scroll","background-type":"","background-media":"","overlay-type":"","overlay-color":"","overlay-opacity":"","overlay-gradient":""},"mobile":{"background-color":"","background-image":"","background-repeat":"repeat","background-position":"center center","background-size":"auto","background-attachment":"scroll","background-type":"","background-media":"","overlay-type":"","overlay-color":"","overlay-opacity":"","overlay-gradient":""}},"ast-content-background-meta":{"desktop":{"background-color":"var(--ast-global-color-5)","background-image":"","background-repeat":"repeat","background-position":"center center","background-size":"auto","background-attachment":"scroll","background-type":"","background-media":"","overlay-type":"","overlay-color":"","overlay-opacity":"","overlay-gradient":""},"tablet":{"background-color":"var(--ast-global-color-5)","background-image":"","background-repeat":"repeat","background-position":"center center","background-size":"auto","background-attachment":"scroll","background-type":"","background-media":"","overlay-type":"","overlay-color":"","overlay-opacity":"","overlay-gradient":""},"mobile":{"background-color":"var(--ast-global-color-5)","background-image":"","background-repeat":"repeat","background-position":"center center","background-size":"auto","background-attachment":"scroll","background-type":"","background-media":"","overlay-type":"","overlay-color":"","overlay-opacity":"","overlay-gradient":""}},"footnotes":""},"class_list":["post-791","page","type-page","status-publish","hentry"],"acf":[],"_links":{"self":[{"href":"https:\/\/usp.br\/tusp\/wp-json\/wp\/v2\/pages\/791","targetHints":{"allow":["GET"]}}],"collection":[{"href":"https:\/\/usp.br\/tusp\/wp-json\/wp\/v2\/pages"}],"about":[{"href":"https:\/\/usp.br\/tusp\/wp-json\/wp\/v2\/types\/page"}],"author":[{"embeddable":true,"href":"https:\/\/usp.br\/tusp\/wp-json\/wp\/v2\/users\/2"}],"replies":[{"embeddable":true,"href":"https:\/\/usp.br\/tusp\/wp-json\/wp\/v2\/comments?post=791"}],"version-history":[{"count":33,"href":"https:\/\/usp.br\/tusp\/wp-json\/wp\/v2\/pages\/791\/revisions"}],"predecessor-version":[{"id":10125,"href":"https:\/\/usp.br\/tusp\/wp-json\/wp\/v2\/pages\/791\/revisions\/10125"}],"wp:attachment":[{"href":"https:\/\/usp.br\/tusp\/wp-json\/wp\/v2\/media?parent=791"}],"curies":[{"name":"wp","href":"https:\/\/api.w.org\/{rel}","templated":true}]}}